?
-12020
In base 16, what is 6 + 4b3?
4b9
In base 16, what is 6 + 310?
316
In base 8, what is -5 - 20?
-25
In base 13, what is -7 + 12a?
123
In base 7, what is -14 + -616?
-633
In base 3, what is -102012 + -100?
-102112
In base 16, what is 305 - 5?
300
In base 11, what is -a0a + 8?
-a02
In base 6, what is -5 - -25044?
25035
In base 15, what is -19c - 0?
-19c
In base 9, what is 2025 - -5?
2031
In base 14, what is 5 - -2b?
32
In base 16, what is 5a + -5?
55
In base 12, what is 271 + 1?
272
In base 8, what is 6344 + 4?
6350
In base 3, what is 2 - -2121?
2200
In base 3, what is 1001 + 1?
1002
In base 16, what is 1d + -6?
17
In base 13, what is -28b - -8?
-283
In base 15, what is -d1 + -7?
-d8
In base 7, what is 203 - -5?
211
In base 8, what is 36562 + -1?
36561
In base 2, what is 110101 + -1100?
101001
In base 12, what is 2 - -150?
152
In base 5, what is -32 - 141?
-223
In base 14, what is -2 + -59?
-5b
In base 5, what is -4 + -34?
-43
In base 6, what is 2 - -45?
51
In base 4, what is 1221 - -1021?
2302
In base 10, what is -3 + -224?
-227
In base 7, what is 251 - -2?
253
In base 7, what is 103 + 2?
105
In base 14, what is 3 - -9?
c
In base 7, what is -5 + -2210?
-2215
In base 7, what is 542 - 100?
442
In base 4, what is 10 - 12312?
-12302
In base 7, what is -202 + -6?
-211
In base 15, what is -24 + -2?
-26
In base 5, what is -20340 - 4?
-20344
In base 11, what is -26 + 216?
1a0
In base 11, what is 2 - 5a5?
-5a3
In base 12, what is 1 - -1a76?
1a77
In base 13, what is -3 + 181?
17b
In base 13, what is 22 - 3b?
-19
In base 15, what is 4 - -cb?
d0
In base 9, what is 305 - 15?
280
In base 3, what is 121002 + 1?
121010
In base 6, what is 4 + -303?
-255
In base 16, what is 17 - -2?
19
In base 12, what is 8 + 2b?
37
In base 5, what is -313 - -2?
-311
In base 7, what is -5 - 5?
-13
In base 14, what is 6417 - -1?
6418
In base 15, what is 276 + 2?
278
In base 2, what is -11001000 - -100?
-11000100
In base 12, what is 4ab0 + 3?
4ab3
In base 3, what is 100 + 2?
102
In base 2, what is -11 - 10100000?
-10100011
In base 13, what is -7 - 2?
-9
In base 6, what is -2414 + -3?
-2421
In base 2, what is -100101011 - -11?
-100101000
In base 14, what is 1 - -10?
11
In base 6, what is -1102 - 2?
-1104
In base 12, what is -4 - -296?
292
In base 15, what is -4b7 - -4?
-4b3
In base 6, what is 133 + -5?
124
In base 13, what is a7a - -1?
a7b
In base 2, what is 101 + 1001000110111?
1001000111100
In base 10, what is 10 - 118?
-108
In base 15, what is -1 - 6e?
-70
In base 2, what is 0 - 101000100?
-101000100
In base 8, what is -5 - 5204?
-5211
In base 12, what is -75 - 1a?
-93
In base 4, what is -313 - -10?
-303
In base 2, what is -101101110 + 0?
-101101110
In base 12, what is -34 - -28?
-8
In base 13, what is 2 - 64?
-62
In base 14, what is 4 - 15c9?
-15c5
In base 10, what is -1806 - 7?
-1813
In base 9, what is 15781 + 3?
15784
In base 6, what is -24 - -10?
-14
In base 4, what is -13322 - -10?
-13312
In base 3, what is -2020122222 - -1?
-2020122221
In base 8, what is 4 + 47?
53
In base 2, what is 1110010101111011 - -1?
1110010101111100
In base 6, what is -110 + 3?
-103
In base 2, what is 1111100110111 + -100?
1111100110011
In base 12, what is -25 - -3?
-22
In base 10, what is 8 - 50?
-42
In base 15, what is -2 - -37?
35
In base 2, what is 1 + -101101001?
-101101000
In base 7, what is 1435 - -20?
1455
In base 8, what is 5 - -2744?
2751
In base 7, what is 0 + 23?
23
In base 8, what is 755 - 1?
754
In base 15, what is e - -11?
20
In base 11, what is -175 + -4?
-179
In base 2, what is -100 - -10101110?
10101010
In base 2, what is -11011100 + -1?
-11011101
In base 15, what is -a7 + 4?
-a3
In base 12, what is 6 - 2b?
-25
In base 14, what is 5 + -5d?
-58
In base 9, what is -1581 + 5?
-1575
In base 10, what is -13 + 149?
136
In base 10, what is 3 + 387?
390
In base 15, what is 2c + b?
38
In base 10, what is 14 + 4?
18
In base 16, what is 4 - 1f?
-1b
In base 3, what is 12221 - 1?
12220
In base 16, what is -4 - a?
-e
In base 6, what is 2 + -1155?
-1153
In base 5, what is 12 + 13031?
13043
In base 7, what is -1124 + 2?
-1122
In base 8, what is 257 - 5?
252
In base 5, what is -2231 - 123?
-2404
In base 6, what is 5 + -125?
-120
In base 4, what is 332 - 1?
331
In base 8, what is 1 + 137?
140
In base 4, what is -32 + -10?
-102
In base 4, what is -1132 - -11?
-1121
In base 6, what is -252 + -30?
-322
In base 9, what is 5618 + -5?
5613
In base 16, what is 33 - -2?
35
In base 4, what is -231 - 102?
-333
In base 8, what is 1073 - -15?
1110
In base 8, what is -10 + 44?
34
In base 10, what is 5 + -166?
-161
In base 12, what is 62 - 61?
1
In base 12, what is 4 - 3?
1
In base 15, what is -b1a - -9?
-b11
In base 8, what is 3 + 541?
544
In base 5, what is -244 - -102?
-142
In base 11, what is 140 - -4?
144
In base 2, what is 1111010 + 1100?
10000110
In base 15, what is -5 + -284?
-289
In base 6, what is 23351 - -1?
23352
In base 3, what is -11 + 1000012?
1000001
In base 2, what is -111100111 + -10?
-111101001
In base 4, what is 1000 - 333?
1
In base 14, what is 5 + -30?
-29
In base 6, what is 415 - -3?
422
In base 4, what is 112 - 32300?
-32122
In base 5, what is 10 + 10?
20
In base 12, what is 5a - 4?
56
In base 7, what is 1023 - -2?
1025
In base 14, what is -1a - 9?
-25
In base 7, what is -5134 - -2?
-5132
In base 5, what is -10 - 4234?
-4244
In base 3, what is -10011 + -21201?
-101212
In base 5, what is -114 + 200?
31
In base 9, what is -1 - -31?
30
In base 6, what is -1 - -32?
31
In base 4, what is -2 + -23122?
-23130
In base 8, what is -1 + 611?
610
In base 11, what is -23 + -57?
-7a
In base 16, what is -4 - -1227?
1223
In base 8, what is -1161 - 4?
-1165
In base 9, what is -5271 + -3?
-5274
In base 11, what is -1 - -1393?
1392
In base 16, what is -3 - -311?
30e
In base 14, what is 567 + 2?
569
In base 16, what is b + 2b?
36
In base 7, what is 5 - -3454?
3462
In base 7, what is -23 + -33?
-56
In base 13, what is -1 - 308?
-309
In base 6, what is -40220 + -1?
-40221
In base 6, what is -1 - 144?
-145
In base 10, what is 5 + 39?
44
In base 13, what is 68 + -6?
62
In base 4, what is -12 - -102?
30
In base 11, what is -206 - 4?
-20a
In base 6, what is 14 + -153?
-135
In base 14, what is 16 + -33?
-1b
In base 14, what is 4 - -3?
7
In base 9, what is 783 - -2?
785
In base 8, what is 12 - -2617?
2631
In base 14, what is d + a?
19
In base 3, what is -1121 - 1011?
-2202
In base 8, what is 5121 - 2?
5117
In base 8, what is 1 - 212?
-211
In base 3, what is 1 - 1112?
-1111
In base 9, what is -100 + -130?
-230
In base 11, what is -244 - 5?
-249
In base 14, what is -7 - -10?
7
In base 16, what is -2 - -4e1?
4df
In base 5, what is -10 - -3133?
3123
In base 15, what is -2 - -398?
396
In base 14, what is 3b - -47?
84
In base 5, what is 1230 - 2?
1223
In base 4, what is 0 + -11303?
-11303
In base 4, what is 100320 + 2?
100322
In base 6, what is 13132 + 3?
13135
In base 7, what is -1136 - -1?
-1135
In base 4, what is -2121 + 3303?
1122
In base 13, what is -178 + -5?
-180
In base 7, what is 10 + 0?
10
In base 3, what is 1 + 1012?
1020
In base 2, what is -100001001111110 - 1?
-100001001111111
In base 2, what is 100 - 11?
1
In base 16, what is 0 - d4?
-d4
In base 10, what is -119 + 8?
-111
In base 11, what is 0 + 44a3?
44a3
In base 7, what is -16 + -1?
-20
In base 6, what is -14310 - -1?
-14305
In base 14, what is 74d + -4?
749
In base 9, what is -23 - -112?
78
In base 7, what is 1561 + 1?
1562
In base 13, what is 6415 - -2?
6417
In base 5, what is -114 - -41?
-23
In base 10, what is -37 - -30?
-7
In base 15, what is -1c + -148?
-165
In base 4, what is 22001 + -32?
21303
In base 9, what is -21 + 17?
-3
In base 15, what is -4 - -96?
92
In base 8, what is -410 - 5?
-415
In base 10, what is -5 - -43?
38
In base 2, what is 101000 + 101?
101101
In base 2, what is -11 - 101100100?
-101100111
In base 12, what is -40a + 2?
-408
In base 15, what is 2d - d?
20
In base 14, what is 2 + c9?
cb
In base 4, what is -1113 - 3?
-1122
In base 9, what is 16 + -20?
-3
In base 8, what is -23 + 1705?
1662
In base 7, what is -6 + -455?
-464
In base 16, what is 8 - 2?
6
In base 6, what is -444 - 215?
-1103
In base 4, what is -3 + 223?
220
In base 5, what is 13 + -12?
1
In base 9, what is 1012 + 5?
1017
In base 5, what is 4 + 1141?
1200
In 